
Is 225 a factor of 1721071?
False
Does 158 divide 21887?
False
Is 59 a factor of 21875371?
True
Does 11 divide 57398?
True
Is 2109312 a multiple of 3?
True
Is 16556647 a multiple of 194?
False
Is 150369 a multiple of 212?
False
Does 46 divide 4693?
False
Does 57 divide 263283?
True
Does 245 divide 3223220?
True
Is 1532489 a multiple of 511?
True
Is 13 a factor of 349180?
True
Does 1507 divide 5074069?
True
Is 69071 a multiple of 2?
False
Is 2261937 a multiple of 19?
False
Does 2 divide 109298?
True
Does 20 divide 1070039?
False
Is 1761081 a multiple of 17?
True
Is 7288533 a multiple of 278?
False
Is 168 a factor of 27364176?
True
Does 302 divide 2956278?
True
Is 64620 a multiple of 45?
True
Is 8823216 a multiple of 141?
True
Does 314 divide 161710?
True
Is 7101840 a multiple of 48?
True
Does 31 divide 19003?
True
Does 62 divide 74338?
True
Is 3188880 a multiple of 618?
True
Is 375 a factor of 1738125?
True
Is 57451 even?
False
Does 510 divide 2467036?
False
Is 501 a factor of 7551072?
True
Is 43 a factor of 28889?
False
Is 1524249 a multiple of 303?
False
Is 7427476 a multiple of 242?
False
Is 434 a factor of 338849?
False
Is 744381 a multiple of 16?
False
Does 7 divide 12133?
False
Is 282 a factor of 259158?
True
Is 23 a factor of 23092?
True
Does 78 divide 698796?
False
Is 66 a factor of 3191?
False
Does 4 divide 78106?
False
Does 275 divide 477400?
True
Is 5321647 a multiple of 15?
False
Is 1133109 a multiple of 170?
False
Is 175 a factor of 10380617?
False
Does 116 divide 1315798?
False
Is 85 a factor of 58310?
True
Is 2 a factor of 11565?
False
Is 103 a factor of 153264?
True
Does 17 divide 99042?
True
Is 83 a factor of 44874?
False
Is 60391 a multiple of 41?
False
Is 601769 a multiple of 7?
True
Is 144783 a multiple of 9?
True
Is 22 a factor of 5858974?
True
Is 850444 a multiple of 7?
True
Is 14 a factor of 142114?
True
Does 8 divide 51072?
True
Does 8 divide 14440?
True
Is 106 a factor of 27540178?
True
Is 134 a factor of 7698434?
True
Is 10864924 a multiple of 161?
True
Is 9 a factor of 880859?
False
Is 25868 a multiple of 116?
True
Is 16 a factor of 4686000?
True
Is 3495876 a multiple of 29?
False
Is 745 a factor of 12089860?
True
Does 366 divide 18536436?
True
Does 891 divide 830108?
False
Is 338 a factor of 148216?
False
Is 1558580 a multiple of 20?
True
Is 24 a factor of 5557752?
True
Is 107345 a multiple of 236?
False
Is 4447219 a multiple of 7?
True
Is 21 a factor of 432739?
False
Is 500990 a multiple of 357?
False
Is 394 a factor of 6906716?
False
Is 11672 a multiple of 37?
False
Does 85 divide 304263?
False
Is 2012554 a multiple of 141?
False
Is 3187500 a multiple of 17?
True
Does 517 divide 909920?
True
Is 77 a factor of 9180198?
False
Is 222280 a multiple of 46?
False
Does 57 divide 517700?
False
Does 14 divide 2515421?
False
Is 51541 a multiple of 4?
False
Does 14 divide 165550?
True
Is 5 a factor of 473722?
False
Is 232 a factor of 1503681?
False
Does 272 divide 537284?
False
Is 23 a factor of 19515773?
False
Does 41 divide 339431?
False
Is 38 a factor of 236702?
True
Does 33 divide 63921?
True
Does 119 divide 314874?
True
Is 39 a factor of 2280642?
True
Is 32 a factor of 8287136?
True
Is 305 a factor of 273319?
False
Does 358 divide 1164242?
False
Does 6 divide 1120944?
True
Is 263166 a multiple of 6?
True
Is 102 a factor of 1673922?
True
Does 108 divide 1139832?
True
Does 4 divide 25784?
True
Is 25 a factor of 860391?
False
Does 13 divide 297947?
True
Does 104 divide 121680?
True
Is 9 a factor of 126759?
False
Is 24293729 a multiple of 147?
False
Does 99 divide 4737677?
False
Is 335 a factor of 48575?
True
Does 130 divide 37310?
True
Is 16114 a multiple of 14?
True
Does 3 divide 182504?
False
Is 2886194 a multiple of 101?
False
Is 945241 a multiple of 11?
True
Is 50 a factor of 449000?
True
Is 1224525 a multiple of 43?
False
Is 7513278 a multiple of 6?
True
Is 2171425 a multiple of 25?
True
Is 5200070 a multiple of 230?
True
Does 1178 divide 6623344?
False
Is 21 a factor of 647292?
False
Is 23 a factor of 937826?
False
Does 98 divide 354711?
False
Is 103 a factor of 11559259?
False
Is 2013099 a multiple of 14?
False
Is 350 a factor of 4626908?
False
Is 55978 a multiple of 13?
True
Is 5001630 a multiple of 497?
False
Is 13 a factor of 1649313?
False
Does 48 divide 396672?
True
Is 3130732 a multiple of 60?
False
Is 127181 a multiple of 13?
False
Is 6460254 a multiple of 10?
False
Does 144 divide 4230576?
True
Is 315735 a multiple of 31?
True
Is 1779986 a multiple of 614?
True
Is 22 a factor of 128845?
False
Is 152516 a multiple of 28?
True
Does 11 divide 66990?
True
Does 491 divide 630392?
False
Does 267 divide 150592?
False
Is 207 a factor of 506322?
True
Is 39 a factor of 841237?
False
Is 7 a factor of 369285?
True
Is 77204 a multiple of 4?
True
Does 14 divide 28200?
False
Does 147 divide 2493267?
True
Does 38 divide 19394?
False
Is 116809 a multiple of 77?
True
Is 70 a factor of 407190?
True
Is 2347644 a multiple of 17?
False
Does 161 divide 144002?
False
Does 28 divide 3019464?
True
Is 11319 a multiple of 17?
False
Is 37325 a multiple of 25?
True
Does 4 divide 3466?
False
Is 3476215 a multiple of 32?
False
Is 10 a factor of 9952580?
True
Is 299 a factor of 7709715?
True
Does 5 divide 93420?
True
Is 1103654 a multiple of 94?
True
Is 8522550 a multiple of 1070?
True
Is 10 a factor of 550360?
True
Does 6 divide 20304?
True
Is 366300 a multiple of 111?
True
Is 21 a factor of 372813?
True
Does 40 divide 1469349?
False
Does 30 divide 165570?
True
Does 583 divide 94446?
True
Is 16 a factor of 53312?
True
Does 4 divide 430344?
True
Does 3 divide 184813?
False
Is 436901 a multiple of 99?
False
Is 4 a factor of 31902?
False
Is 80 a factor of 204160?
True
Does 19 divide 59487?
False
Is 116 a factor of 208483?
False
Does 571 divide 24555855?
True
Does 257 divide 309277?
False
Is 133146 a multiple of 19?
False
Is 2 a factor of 1123701?
False
Is 488 a factor of 135633?
False
Is 55 a factor of 2538192?
False
Does 37 divide 5231?
False
Is 239852 a multiple of 122?
True
Is 565518 a multiple of 137?
False
Does 8 divide 8728?
True
Does 8 divide 83140?
False
Is 14554448 a multiple of 136?
True
Does 306 divide 569651?
False
Is 78167 a multiple of 78?
False
Is 22182 a multiple of 56?
False
Does 5 divide 590850?
True
Is 620787 a multiple of 3?
True
Is 258 a factor of 7346550?
True
Is 738 a factor of 2093706?
True
Does 14 divide 24444?
True
Is 11 a factor of 139106?
True
Does 137 divide 37264?
True
Does 15 divide 42375?
True
Is 528 a factor of 416064?
True
Is 18 a factor of 77616?
True
Is 18084024 a multiple of 52?
False
Does 102 divide 134280?
False
Does 10 divide 8516476?
False
Is 12 a factor of 44707?
False
Is 791040 a multiple of 88?
False
Is 49158 a multiple of 9?
True
Does 235 divide 5311470?
True
Does 609 divide 364693?
False
Is 53 a factor of 934785?
False
Does 13 divide 34541?
True
Is 19 a factor of 149340?
True
Does 189 divide 1940841?
True
Does 66 divide 407352?
True
Is 38 a factor of 2599846?
True
Is 186577 a multiple of 11?
False
Is 109 a factor of 799842?
True
Does 32 divide 1214228?
False
Does 173 divide 207427?
True
Does 285 divide 7543950?
True
Is 125 a factor of 21286637?
False
Is 77 a factor of 484407?
True
Is 1393966 a multiple of 190?
False
Is 938 a factor of 3132317?
False
Does 219 divide 61320?
True
Does 10 divide 45739?
False
Does 4 divide 665772?
True
Does 77 divide 142912?
True
Does 109 divide 802785?
True
Is 213 a factor of 39192?
True
Does 173 divide 1357358?
True
Is 2072125 a multiple of 55?
True
Does 131 divide 462299?
True
Is 1075412 a multiple of 22?
False
Is 3631280 a multiple of 304?
True
Is 14 a factor of 71260?
True
Does 117 divide 2231307?
True
Is 2119864 a multiple of 46?
True
Is 51045 a multiple of 249?
True
Does 5 divide 413417?
False
Does 33 divide 280929?
True
Is 779042 a multiple of 99?
False
Does 20 divide 33863?
False
Is 87337 a multiple of 7?
False
Is 529425 a multiple of 19?
False
Does 86 divide 8561292?
False
Does 181 divide 5666924?
False
Is 19811346 a multiple of 47?
True
Does 78 divide 321750?
True
Does 95 divide 708985?
True
Is 83818 a multiple of 14?
True
Does 25 divide 3053950?
True
Is 26 a factor of 750568?
True
Is 662032 a multiple of 161?
True
Is 311 a factor of 178514?
True
Is 488